 Calculate the highest common divisor of 25 and s.
25
Let o(m) = -m**3 + 4*m**2 + 7*m - 4. Let d be o(5). Let c be 1/((-3)/(-2) + -1). What is the greatest common divisor of d and c?
2
Let o = -24 + 35. Suppose 7*u - 58 = 8*u. Let h = 102 + u. What is the greatest common divisor of h and o?
11
Suppose -x - x = -28. Suppose -2*z - 1 = -3. Suppose 4*o + 47 = 5*d, 2*o = -5*d + z + 28. Calculate the greatest common factor of d and x.
7
Suppose 4*m - 106 = 2*f, -m - 2*f + 31 = -f. What is the highest common divisor of 252 and m?
28
Let m be (-3 - 66/(-30))/((-1)/5). Let h be 2*12*(-2)/(-4). What is the greatest common factor of m and h?
4
Suppose -23 - 73 = -4*b + 4*a, a = 5*b - 136. Let r be (-306)/(-11) + (-28)/(-154). Calculate the highest common factor of b and r.
28
Suppose 5*h = 2*f + 1, 4 = -2*h + 3*f - 0*f. Suppose -3*m - 3*r + 3 = 0, 2*m - h = r + 13. Let v = -7 - -22. What is the greatest common factor of m and v?
5
Suppose 0 = 4*z + 2*g + 3*g - 286, -4*z - g = -278. What is the highest common divisor of 23 and z?
23
Let u be (-2 + 8/10)*40. Let j be (45/4)/((-3)/u). What is the highest common factor of 20 and j?
20
Suppose -3*s + s = d - 6, s = 5*d + 14. Let y be s/(-2*(-1)/9). Calculate the highest common divisor of 2 and y.
2
Let f = 1 + 2. Let w = f + -3. Suppose 3*j - j - 3*a - 79 = w, -a = 3. What is the greatest common divisor of j and 5?
5
Let g(h) be the second derivative of h**3/3 + h**2 + h. Let z be g(4). What is the greatest common divisor of z and 90?
10
Let j = -38 - -53. Calculate the greatest common factor of 165 and j.
15
Let p = 19 - 11. Calculate the highest common factor of 56 and p.
8
Let j be 216/52 + (-2)/13. What is the highest common factor of j and 16?
4
Suppose 4*f - w - 407 - 108 = 0, 0 = 4*f - 2*w - 518. What is the highest common factor of 16 and f?
16
Let m = 65 - 21. Let r(p) = -p**3 - 8*p**2 + 8*p + 2. Let k be r(-9). What is the greatest common divisor of m and k?
11
Let f(b) = 6*b**2 - 3*b + 2. Let n be f(2). Suppose 0 = -2*p + 5*p - 60. Calculate the greatest common factor of p and n.
20
Let r = 29 - -21. Calculate the greatest common factor of 20 and r.
10
Let r(x) = -22*x - 12. Let h be r(-6). Calculate the greatest common divisor of 30 and h.
30
Let r be 9/(-45) - 771/(-5). What is the highest common divisor of r and 14?
14
Let m(u) = -2*u**3 - 5*u**2 + 5*u - 1. Let f be m(-5). Suppose 60 = 5*y - 3*a - 2*a, 3*y = -4*a + 29. What is the greatest common divisor of y and f?
11
Let y be ((-4)/(-5))/((-10)/(-400)). Calculate the greatest common factor of 4 and y.
4
Suppose x + 5 = 24. Let y(d) = d**3 + 2*d**2 - d + 76. Let f be y(0). Calculate the greatest common divisor of f and x.
19
Let b(o) = 6*o**2 - 2*o + 1. Let d be b(1). Suppose -s + 6*s = 50. Calculate the greatest common factor of d and s.
5
Let l = -22 + 36. Let a be 38 + (1 - (-12)/(-3)). Calculate the highest common divisor of a and l.
7
Let a(c) = c**3 + 5*c**2 + c - 6. Let g be a(-4). Calculate the highest common factor of g and 14.
2
Let i(s) = s**3 + 5*s**2 - 7*s - 1. Let r be i(-6). Suppose -54 = -0*h - h + r*g, 180 = 4*h - 2*g. What is the greatest common factor of h and 11?
11
Suppose -4*r + 410 = 5*z, 4*r - 2*r - 212 = z. Calculate the highest common factor of 15 and r.
15
Let l(s) = s**3 - s**2 - s - 1. Let q be l(0). Let t be (-2)/(4/5)*-2. Let w = t - q. What is the highest common factor of 2 and w?
2
Suppose 0 = 2*g - 4*g + 26. What is the greatest common factor of 143 and g?
13
Let v = 227 - 443. Let s = v - -315. What is the greatest common factor of 11 and s?
11
Suppose -2*y = 4*p - 3 - 13, 0 = -2*y + p + 1. Calculate the highest common factor of 14 and y.
2
Let d = -3 - -17. What is the greatest common factor of d and 14?
14
Let d = 95 - 81. What is the greatest common factor of 70 and d?
14
Let s(d) = -d + 27. Let q be s(15). Calculate the highest common divisor of q and 24.
12
Suppose -5*p = 2*p - 567. Calculate the greatest common divisor of 9 and p.
9
Suppose -t + 37 = 27. What is the greatest common divisor of t and 2?
2
Let d = -19 - -36. Let t be (-16 - 1)/(2/(-14)). What is the highest common divisor of d and t?
17
Suppose 5*y + 32 = y - 4*i, -2*y = -2*i + 12. Let w = -4 - y. Let c = 4 - w. Calculate the greatest common factor of c and 1.
1
Let k be (-2)/(-1) + -1 + 53. Let x(b) = b**2 + 4*b + 6. Let p = 7 + -11. Let j be x(p). What is the highest common divisor of j and k?
6
Let k be ((-21)/(-14))/(6/(-136)). Let s = k - -64. Calculate the highest common factor of 6 and s.
6
Let k = 60 + -8. Calculate the highest common factor of 13 and k.
13
Let k be -3 + 3 + 3 + -9. Let g = 3 - 16. Let c = k - g. Calculate the highest common factor of 21 and c.
7
Let f(p) = -13*p + 6. Let m be f(-6). Calculate the greatest common factor of 14 and m.
14
Let h be ((-3)/6)/((-2)/28). Calculate the greatest common factor of h and 14.
7
Let o(c) = c**3 - 5*c**2 + 6*c - 3. Let f be o(5). What is the highest common factor of f and 45?
9
Let m be 31 + (-2 + 5 - 4). Suppose -m = -3*k + 33. Let q = 34 - k. What is the greatest common divisor of 26 and q?
13
Suppose 26 = 4*d + 2*w, -9 = -3*d - 3*w + 5*w. Suppose d*u = 4*u + 8. What is the highest common divisor of u and 88?
8
Suppose -5*h - 9 = -69. Calculate the greatest common factor of 120 and h.
12
Let f = 25 - 16. What is the greatest common factor of 3 and f?
3
Suppose -d + 9*d - 200 = 0. What is the highest common divisor of 5 and d?
5
Let t be (9/6 - 2)*0. Suppose 0 = -t*y + y. Suppose y = 8*z - 4*z - 220. What is the greatest common factor of z and 22?
11
Suppose -v - 2*c - 466 = -3*v, -c = 4*v - 907. Calculate the greatest common factor of v and 12.
12
Suppose -4*v - 20 = 0, -5*w + 13 + 12 = -v. Suppose 0 = -3*t + w + 35. What is the greatest common factor of t and 117?
13
Let q(s) = -3*s**2 + s. Suppose -5 = 2*u - 1. Let b be q(u). Let z = 32 + b. What is the greatest common divisor of 36 and z?
18
Let x(m) = m + 1. Let w be x(4). Suppose -248 = -b + w*b. Let h be (-1)/(-4) - b/8. What is the highest common factor of h and 4?
4
Suppose -3*p + 0*p + 5*r + 56 = 0, 0 = 3*p - 4*r - 55. Let o(x) = -x**2 + 19*x - 71. Let j be o(8). Calculate the greatest common divisor of p and j.
17
Let x = 11 + -12. Let c be -4 + 12 - x/1. Calculate the highest common factor of c and 99.
9
Let f = -2 + 5. Calculate the highest common divisor of f and 3.
3
Suppose 0 = -3*b + 6. Let j = 9 - 4. Suppose b*k + n - 11 = k, 0 = 3*k + j*n - 31. What is the greatest common factor of k and 6?
6
Let s(x) = -4*x - 22. Let k be s(-9). Let m = -13 + 27. What is the greatest common factor of m and k?
14
Suppose -i = -3*p - 21, -2*i = -0*i - 4*p - 50. Calculate the greatest common divisor of 99 and i.
33
Let x(d) = -d - 2. Let p be x(-4). Suppose n - p*n = 0. Suppose n = 5*u + 2*q - 404, 3*q - 5*q + 4 = 0. What is the greatest common divisor of u and 10?
10
Suppose 2*j - 52 = -0*j + 4*q, 5*q - 52 = -4*j. Let z = 41 - j. Let x be (z - (0 - -2)) + -2. What is the highest common divisor of x and 57?
19
Suppose -2*o + 3*i + 24 = 3*o, -2*o = -i - 9. Suppose z + u - 35 = 0, 0 = -2*z - 4*u + o*u + 73. What is the highest common divisor of z and 95?
19
Suppose r = -4*f - 0*f + 32, 3*f - 5*r - 24 = 0. Calculate the greatest common factor of f and 88.
8
Let k(h) = -h - 1. Let a be k(-13). Calculate the highest common divisor of a and 3.
3
Suppose 5*x = x + 1792. Suppose 0*j - 4*k - 558 = -5*j, -4*j = -4*k - x. Calculate the highest common factor of j and 10.
10
Let s = 10 + -6. Let d be s/14 + (-117)/(-7). Calculate the highest common factor of 17 and d.
17
Let y be 6765/(-22)*((-2)/(-3) - 2). What is the greatest common divisor of 41 and y?
41
Suppose 12 = 2*a + a. Calculate the greatest common divisor of a and 12.
4
Let c(i) = 5*i**2. Let t be c(1). Calculate the greatest common factor of t and 35.
5
Suppose 0 = 4*q - 4*v - 56, -19 - 6 = -5*q - 4*v. What is the greatest common divisor of 117 and q?
9
Let b(t) = -3*t**3 + t**2 + 4*t - 3. Let a be b(2). Let s = a - -85. Calculate the greatest common factor of s and 10.
10
Suppose 5*k = 4*s + 10, 0 = -5*k + 2*s - 2 + 12. Suppose v + 9 = k*v. Calculate the highest common divisor of v and 99.
9
Let l(i) = i**2 + 1. Let a be l(0). Let p be -4*(a + 13/(-4)). Let o be (104 - 8)/